f (-5)/(-1) + 7 + 269.
281
Let k(i) = -291*i + 429. List the prime factors of k(-11).
2, 3, 5, 11
Let o = 1250 + -756. List the prime factors of o.
2, 13, 19
Suppose 10 = k + 2*l, k - 3*l = -2 - 13. Suppose 4*d = -k*d. Suppose d*s - 96 = -4*s. What are the prime factors of s?
2, 3
Suppose -w = -2*w + 2*d - 2, 5 = -2*w + 5*d. Suppose -3*k + 0*k + 12 = w. List the prime factors of (-4)/(2*k/(-12)).
2, 3
Let t be (144/(-60))/(4/(-10)). What are the prime factors of (24/(-6))/((-1)/t)?
2, 3
Let z be (-8)/(-10)*(-25)/(-10). Suppose -z*k = 2*n - 56, 0*n - 2*n = -8. Let u = k - -8. What are the prime factors of u?
2
Suppose 0 = -2*g - y + 346 + 1023, 3*y = 4*g - 2733. What are the prime factors of g?
2, 3, 19
Suppose -7907 = -41*h + 149328. What are the prime factors of h?
5, 13, 59
Suppose 8 + 2 = -2*s. Let o(u) = u**3 + 6*u**2 + 5*u + 4. Let x be o(s). Suppose 0*h - x*h = -80. List the prime factors of h.
2, 5
Let j(y) = 8*y**2 - 10. Let v(t) = 2*t + 49. Let f be v(-22). What are the prime factors of j(f)?
2, 5, 19
Let s(u) = u**3 - 5*u**2 - 5*u - 4. Let p be s(6). Let i(v) = 4*v**2 - 3*v + 2. Let g be i(-3). Suppose -25 - g = -p*n. List the prime factors of n.
2, 3
Suppose -k + 148 = -5*u, -4*u + 3*u = -2*k + 260. List the prime factors of k.
2
Suppose -14 = -l - 4*t, -5*t = -l - 0*t - 4. Suppose -f + 210 = l*f. What are the prime factors of f?
2, 3, 5
Suppose -2168 = -3*x - 5*c, -3*x + 2*x + 730 = -2*c. List the prime factors of x.
2, 3, 11
Let z(l) = 16*l**3 - l**2 - l + 1. Suppose 5*a = 4*y + 7, 0*a + 19 = 2*y + 5*a. List the prime factors of z(y).
3, 41
Let a(n) = 2*n**2 - 3*n + 2. Let x = 19 - 17. Let z be a(x). Suppose p - 2 = z. List the prime factors of p.
2, 3
Let n(g) = g**3 + 6*g**2 + 4*g - 1. Let s be n(-5). Suppose 0 = 4*f + 12, 0 = -2*q + 6*q - s*f - 48. List the prime factors of q.
3
Let n = -7 + 13. Let r be 36/27*n/4. Suppose 3*l - 5*q = 174, -116 = -r*l + 4*q - 8*q. What are the prime factors of l?
2, 29
Suppose -3*b + 17109 = -4*n, 22812 = -b + 5*b + 4*n. What are the prime factors of b?
3, 1901
List the prime factors of (-16996)/(-10) - 2/(-5).
2, 5, 17
Suppose -4*k = -0*k - 44. Suppose 0 = k*v - 16*v. Suppose h - 27 = 4*g + 17, v = -g. List the prime factors of h.
2, 11
Suppose 33*l - 816 = 29*l. Suppose 0 = -2*v + 8*v - l. What are the prime factors of v?
2, 17
Let g(t) = 2 + t + 2 - 4 - 1. Let a be g(6). What are the prime factors of 11/a*(-20)/(-4)?
11
Let y(c) = c**2 + 5*c - 16. Let v be y(-8). Let g(j) = j**3 - 7*j**2 + 7*j + 13. List the prime factors of g(v).
7, 19
Suppose 3*q - 489 = -5*n, 3*n - 4*n + 4*q = -84. Suppose 58 = 2*c - n. What are the prime factors of c?
7, 11
List the prime factors of 1*(10/4)/(-5)*-284.
2, 71
Let b(p) = -p**2 - 3*p. Let a = 7 + -11. Let j be b(a). List the prime factors of (j/(-6))/((-4)/(-138)).
23
Suppose 3*c - 6306 = -2*t, 5*t - 6*t + 2*c = -3153. List the prime factors of t.
3, 1051
Let p be 4 + -1 - (-9 - 4). Let u = p + -60. Let z = 79 + u. What are the prime factors of z?
5, 7
Suppose -2*l = -2, 5*l = 2*p + p - 10. Let x = 61 - p. List the prime factors of x.
2, 7
Let a(w) = 58*w**2 - w + 7. Let i be a(2). Suppose -10*f = -13*f + i. List the prime factors of f.
79
Let l(h) = h + 5. Let i(a) = -a**2 - 5*a + 1. Let k be i(-4). Let w be l(k). List the prime factors of (-70)/(-4)*32/w.
2, 7
Let v(m) = m**3 + 7*m**2 - m - 3. Let i be v(-7). Let f be (1 - i) + 1 - 2. List the prime factors of (0 - -1)*(f - -31).
3
Let x be (-480)/(-75)*5/2. Suppose -42 = -2*k + x. What are the prime factors of k?
29
Suppose 3*a - 53 = 5*v, -2*a = 4*v - 5*a + 40. Let j = 67 - v. What are the prime factors of j?
2, 5
Suppose 0 = -4*v + 8 + 8. Suppose v*i - 114 - 94 = 0. Suppose 3*g = -4*r + i, 4*r - 48 = 3*g - 7*g. List the prime factors of r.
2
Let l be 3 + 4 + 4 + -9. Suppose 0 = l*t - 56 - 26. What are the prime factors of t?
41
Let x(p) = 2*p**3 + 2*p**2 - p. Let r be x(1). Suppose -f + 15 = r*h, -h - 4*h + 20 = 0. Suppose 0 = -f*g + 4*g - 8. List the prime factors of g.
2
Suppose 4*g - 2*n = 10, -3*g - n - 25 = 4*n. Suppose g = 3*p - 46 - 71. What are the prime factors of p?
3, 13
Suppose -43*r - 9 = -42*r. Let b(l) = l**2 + 8*l + 16. List the prime factors of b(r).
5
Let s = 467 - 152. Suppose -x = 4*g - s, 2*g = 3*x + 459 - 1474. What are the prime factors of ((-11)/(-55))/(1/x)?
67
Let k(j) = 663*j - 406. List the prime factors of k(7).
5, 7, 11
Suppose 2*b - b = -2. Let g(a) be the third derivative of -a**6/120 + a**5/30 - a**4/8 - a**3/2 + 3*a**2. What are the prime factors of g(b)?
19
Let t be -4 - (0 + -1 - 7). Suppose 4*p = t*a - 160, -2*p - 62 + 20 = -a. List the prime factors of a.
2, 19
Let c(r) = -r**3 - 7*r**2 + 3*r - 34. Let j be c(-8). Suppose 8*t - 396 = j*t. What are the prime factors of t?
2, 3, 11
Let d be 46/10 + -2 + (-24)/(-10). Suppose -d*j + v + 2*v + 106 = 0, 0 = 2*j - 3*v - 37. List the prime factors of j.
23
Let s(b) = -23*b + 201. What are the prime factors of s(-11)?
2, 227
Let x(q) = q. Let n(y) = 7*y - 4. Let p(j) = -n(j) - 2*x(j). What are the prime factors of p(-4)?
2, 5
Suppose -5*v = -23 - 27. Suppose -12*o = -v*o + 12. Let c(i) = i**2 - 5*i - 14. What are the prime factors of c(o)?
2, 13
Let u be 2119/52 - (-2)/8. Let y = u + -21. List the prime factors of y.
2, 5
Let t(j) = -j**3 - 2*j**2 + 3*j + 2. Let n be t(-3). Let y = n + 10. List the prime factors of y.
2, 3
Suppose -2*a = 2*k - 4*a, 2*k + 2*a = 0. Suppose k = 4*x - 315 - 85. What are the prime factors of x?
2, 5
Let f(r) = 2*r**2 - 8*r - 15*r - 2 + 1 - 7. List the prime factors of f(16).
2, 17
Suppose -467*b + 482*b = 68610. What are the prime factors of b?
2, 2287
Let r(u) = -5*u + 3. Suppose 4*z = -21 - 7. What are the prime factors of r(z)?
2, 19
Suppose -2*f - 2*z + 3938 = 0, 11*z - 9869 = -5*f + 12*z. List the prime factors of f.
1973
Let b be (2 - 4996/(-36)) + (-10)/(-45). Let j = 72 + b. What are the prime factors of j?
3, 71
Let j = -1943 - -4710. What are the prime factors of j?
2767
Suppose 4*w + 21 = 33. Let p(v) = -6*v - 13. Let u(r) = 6*r + 14. Let o(c) = w*p(c) + 2*u(c). What are the prime factors of o(-9)?
43
Let b = 283 - 226. List the prime factors of b.
3, 19
Let s = -56 - 81. Let n = s + 249. List the prime factors of n.
2, 7
Let q(a) = a**2 - 12. Let w(x) = 2*x**2 + 11*x + 6. Let t be w(-4). What are the prime factors of q(t)?
2, 3
Let r(d) = -2*d**2 - 2*d + 1. Let p be r(-2). What are the prime factors of ((165/10)/11)/(p/(-148))?
2, 37
Let i(t) = 2*t - 12. What are the prime factors of i(11)?
2, 5
Let u = -318 - -303. Suppose 47 = -5*t + 4*z, 4*t - 3*z + 37 = -0*t. Let l = t - u. What are the prime factors of l?
2
Let f be (-14)/(-8) + (-3)/4. Let u(d) = 59*d**2 + 3*d - 4. List the prime factors of u(f).
2, 29
Suppose 4*z + 4*o = 1776, 0 = z + 13*o - 8*o - 436. List the prime factors of z.
2, 223
Suppose -4*s + 160 = -2*s. Suppose -m = m - s. Let g = m - 19. List the prime factors of g.
3, 7
Suppose 10625 + 10243 = 37*m. List the prime factors of m.
2, 3, 47
Let f = -248 + -69. What are the prime factors of 0 + 2 + 2 - f?
3, 107
Suppose -r + 4*r = 0. Let t(f) = 10*f**2 + r*f + 8 + f**3 - 4*f**2 + f. List the prime factors of t(-6).
2
Let d be (-44)/(-20) - (-2)/(-10). Let z be d + (2 - 0) - 0. Suppose -78 = -z*p + 46. List the prime factors of p.
31
Let h(c) = -c**3 - c**2 - c - 1. Let f be h(-1). Suppose -4*x = 3*v - 130, -x = -f*x - 4*v - 42. List the prime factors of x.
2, 17
Let s = -6 + 2. Let v(p) = 2*p**2 + 9*p + 1. Let w(r) = r**2 + 5*r + 1. Let g(j) = 2*v(j) - 5*w(j). What are the prime factors of g(s)?
3
Let n = -7877 - -13476. What are the prime factors of n?
11, 509
Suppose 3*w + 3*f - 39 = 0, 0*f + f + 59 = 5*w. Suppose 4*v = -4*y + 24, 2*v + v = w. Suppose y*b = -3*u + 35, -2*u + u + 5 = 0. List the prime factors of b.
2, 5
Suppose 2*p = 2*o + 9232, 0*p + 5*o = -2*p + 9232. List the prime factors of p.
2, 577
Let l(x) = -2*x**3 + 3*x**2 - 6*x + 6. Let k(q) = -5*q**3 + 10*q**2 - 19*q + 19. Let i(h) = -3*k(h) + 8*l(h). List the prime factors of i(-8).
47
Suppose -4*a - 188 = -892. Suppose -4*n + 2*n = -a. List the prime factors of n.
2, 11
Let q(o) = o - 9. Let p be q(9). Suppose p*b = b - 42. Suppose 3*v = -5*r + 78, -4*r + b = 2*v - 22. What are the prime factors of 